0033110 (base 4) to base 13
-165594a
Convert -83751 (base 10) to base 13.
-2c175
-1417761 (base 12) to base 5
-2011441400
Convert -4410230411 (base 5) to base 7.
-143264062
2062130 (base 7) to base 6
5211312
8c9c8 (base 14) to base 10
342196
Convert -20557 (base 10) to base 3.
-1001012101
-1450711 (base 8) to base 4
-1211013021
Convert 17a042 (base 15) to base 8.
4301252
What is 200032031 (base 4) in base 14?
36153
What is 325650 (base 7) in base 2?
1101111110110011
Convert 100309 (base 10) to base 5.
11202214
What is -1255405 (base 6) in base 2?
-10001000100011101
What is -77d0c0 (base 14) in base 15?
-555bb5
1301001213 (base 4) to base 12
1a3ab3
What is 20312302230 (base 4) in base 15?
30cd20
What is -365271 (base 8) in base 7?
-1032153
Convert -360324 (base 10) to base 4.
-1113332010
What is 101220010222112 (base 3) in base 9?
11803875
10165541 (base 7) to base 13
23cc66
Convert -211021001112 (base 3) to base 11.
-27a227
102202122111 (base 3) to base 16
3888d
10c82b8 (base 13) to base 8
23624026
What is 331211312 (base 4) in base 14?
67d1c
14671347 (base 8) to base 5
1330344001
What is 541305 (base 6) in base 16?
ad69
What is 54114055 (base 8) in base 4?
230021200231
What is -34877 (base 14) in base 16?
-1f399
6c6a8 (base 13) to base 9
332730
What is 5445477 (base 8) in base 9?
2666164
What is -146467 (base 12) in base 5?
-41432144
1412073 (base 8) to base 2
1100001010000111011
-10013504 (base 6) to base 16
-44dd0
Convert -1164164 (base 7) to base 5.
-14302304
What is -2096a01 (base 11) in base 3?
-20221011121201
17000834 (base 9) to base 7
132165142
Convert -257182 (base 16) to base 6.
-124332334
Convert -4381065 (base 9) to base 10.
-2356187
What is 12020100220021 (base 3) in base 15?
39e6b4
Convert -8372430 (base 10) to base 8.
-37740316
What is 10386b9 (base 12) in base 3?
12202121200020
Convert 3057505 (base 8) to base 2.
11000101111101000101
What is 111110101101000110110 (base 2) in base 9?
3771471
Convert -120021200 (base 4) to base 11.
-68350
Convert 2251322 (base 7) to base 8.
1045517
What is 63653 (base 10) in base 4?
33202211
11000100101100010000 (base 2) to base 6
25133504
What is -5106516 (base 7) in base 2?
-10010100010010001000
Convert 5521242 (base 11) to base 13.
2015494
20ab05 (base 15) to base 10
1554980
What is -55343535 (base 6) in base 13?
-462830
203023331 (base 4) to base 14
3a749
What is -50b87 (base 12) in base 6?
-2131451
11133133013 (base 4) to base 15
1d6892
Convert -8ecd95 (base 16) to base 8.
-43546625
What is 180087 (base 11) in base 9?
463643
Convert -73335 (base 8) to base 10.
-30429
-1022507 (base 10) to base 16
-f9a2b
-46310670 (base 8) to base 9
-20838568
Convert -10220200300 (base 4) to base 3.
-2021200222221
25129 (base 14) to base 7
525452
Convert -3202323201 (base 4) to base 2.
-11100010111011100001
What is -849795 (base 10) in base 7?
-10136352
What is -10e17 (base 16) in base 7?
-405404
What is 4bb64 (base 13) in base 6?
3001440
What is -1196ed (base 15) in base 5?
-203420243
Convert 21221221001 (base 4) to base 8.
11515101
Convert 591962 (base 10) to base 11.
374828
Convert 112112220 (base 5) to base 12.
203850
Convert 1000101102 (base 3) to base 15.
5dae
2281382 (base 10) to base 5
1041001012
-652385 (base 10) to base 12
-275655
22453412 (base 6) to base 14
14005a
Convert -639db6 (base 14) to base 4.
-30312221330
Convert -4023434213 (base 5) to base 13.
-1882313
31362 (base 7) to base 3
101121120
-10131206 (base 9) to base 5
-2221100343
Convert 2f3e7 (base 16) to base 13.
6a106
893746 (base 10) to base 15
129c31
What is -12250232 (base 6) in base 9?
-662312
51bc9 (base 15) to base 14
6a63a
Convert -c7b3 (base 15) to base 12.
-20543
1221121101110 (base 3) to base 5
231113322
What is -4141244 (base 7) in base 16?
-79748
Convert 4332403 (base 5) to base 9.
122576
-111000110100101010010 (base 2) to base 16
-1c6952
-2529180 (base 10) to base 13
-6a7274
Convert -23023032 (base 4) to base 6.
-551530
-35d7aa (base 16) to base 10
-3528618
What is 12003123033 (base 4) in base 8?
6033317
21201221021122 (base 3) to base 12
1463abb
Convert -10402224 (base 5) to base 15.
-1be29
Convert -2119b3 (base 13) to base 2.
-10111101001101100011
What is -1011010110010000 (base 2) in base 12?
-22a94
1000111000110010 (base 2) to base 8
107062
1043201430 (base 5) to base 9
4324045
Convert 67833d (base 16) to base 10.
6783805
104242213 (base 5) to base 4
1300311213
-4063728 (base 9) to base 7
-24266303
65732 (base 9) to base 5
2343412
1002220011111 (base 3) to base 12
244634
-1095a31 (base 11) to base 16
-1d29bd
Convert 1022122210 (base 3) to base 6.
320203
What is -1223011021 (base 4) in base 16?
-6b149
What is -50046473 (base 8) in base 15?
-dc7b3b
Convert -314423 (base 5) to base 12.
-6185
Convert 1001010001101101011 (base 2) to base 13.
a8490
Convert -34434221 (base 5) to base 13.
-abc06
14070 (base 13) to base 4
21021000
2441423231 (base 5) to base 15
79bbe6
What is -5544441 (base 10) in base 12?
-1a34709
What is 413787 (base 9) in base 4?
323331112
-393aaa (base 14) to base 7
-22512103
What is -110222002 (base 3) in base 11?
-7113
What is 256231 (base 15) in base 7?
21144205
Convert -1207956 (base 13) to base 7.
-65324532
Convert -1a3238 (base 14) to base 4.
-3203031202
Convert 101111011110110001011 (base 2) to base 11.
972a30
What is 37964 (base 13) in base 12?
4b4b5
-1211212202111 (base 3) to base 8
-3575433
What is -113132221013 (base 4) in base 5?
-3033423243
What is -30004b3 (base 13) in base 2?
-110111001111011101100001
-1121445 (base 7) to base 10
-139830
1489651 (base 11) to base 12
a2921a
What is -110010111111101011010 (base 2) in base 15?
-2301a2
2222205 (base 6) to base 13
3bc69
Convert -3c090 (base 15) to base 7.
-1431153
What is -3452144 (base 6) in base 15?
-37b4d
Convert 121311033 (base 6) to base 11.
1339324
What is -651801 (base 9) in base 4?
-1132311331
Convert -111340 (base 14) to base 15.
-b6b1d
What is -20001872 (base 9) in base 12?
-3254818
What is -a1954d (base 16) in base 12?
-3668239
Convert -675a1 (base 15) to base 10.
-328651
-1403203324 (base 5) to base 6
-204300050
-2045485 (base 9) to base 16
-10ae34
What is 100100111011011001110 (base 2) in base 14?
236db0
6357 (base 13) to base 16
35c1
What is 95890 (base 11) in base 10?
139491
1001121002012 (base 3) to base 13
16925c
4554520 (base 6) to base 2
111000111001010000
213131321 (base 4) to base 2
100111011101111001
What is 1449666 (base 12) in base 13?
acb55b
Convert -415cb3 (base 14) to base 16.
-21a8f5
What is -1687755 (base 12) in base 4?
-101301031301
What is fd702 (base 16) in base 5?
231204312
Convert -101213011130 (base 4) to base 13.
-c583a6
Convert 135a1b (base 15) to base 6.
31535225
Convert 282101 (base 11) to base 9.
743286
Convert -38115d (base 16) to base 2.
-1110000001000101011101
What is 101020012101 (base 3) in base 2?
110001001010000101
-2677041 (base 8) to base 11
-474974
Convert 130330003 (base 4) to base 2.
11100111100000011
Convert 3545340 (base 6) to base 12.
8b250
Convert -1411131 (base 7) to base 5.
-22001232
What is -1022022101002 (base 3) in base 7?
-5623160
-2144400 (base 8) to base 11
-363624
-5403565 (base 11) to base 6
-535432222
What is 100120102110 (base 3) in base 16?
2dfe7
-765a74 (base 15) to base 13
-1225672
-324324 (base 7) to base 4
-31312320
-2443333 (base 5) to base 8
-133176
What is -166406 (base 7) in base 5?
-2032343
Convert -851058 (base 10) to base 7.
-10143135
Convert 115305 (base 13) to base 15.
81d36
Convert -10001110100010110011110 (base 2) to base 9.
-8708214
What is 100ba6b (base 13) in base 8?
22406023
-5152012 (base 6) to base 11
-15a343
Convert -176089c (base 13) to base 12.
-2665497
What is -183727 (base 12) in base 3?
-210101102111
What is 44566224 (base 8) in base 12?
3284298
-680d1 (base 15) to base 7
-2545600
What is -20931 (base 10) in base 6?
-240523
What is 105355011 (base 6) in base 8?
7324357
-5326 (base 8) to base 14
-1022
Convert 11034210 (base 7) to base 6.
32205320
Convert 222011210 (base 3) to base 8.
45213
What is 4203323143 (base 5) in base 3?
121021112212100
10a907 (base 14) to base 4
2022123323
Convert 2213121310 (base 4) to base 2.
10100111011001110100
What is -44224114 (base 8) in base 4?
-210102201030
Convert 54b925 (base 13) to base 2.
111100111011010001100
Wh